common factor of 34296 and 228?
12
What is the greatest common divisor of 231 and 27867?
21
What is the greatest common divisor of 72 and 616512?
24
Calculate the highest common divisor of 10 and 72840.
10
What is the highest common divisor of 212382 and 1035?
207
Calculate the highest common factor of 156 and 100698.
78
What is the highest common factor of 4764 and 228?
12
Calculate the highest common factor of 50 and 2561940.
10
What is the highest common divisor of 266636 and 82364?
1396
Calculate the highest common factor of 233984 and 7424.
256
What is the highest common divisor of 1056 and 2214?
6
What is the greatest common factor of 75077 and 193?
193
Calculate the greatest common factor of 92 and 3708060.
92
Calculate the highest common divisor of 153 and 9657.
9
Calculate the highest common divisor of 1881 and 116523.
99
Calculate the highest common factor of 30 and 244620.
30
Calculate the greatest common factor of 568 and 186659.
71
What is the greatest common divisor of 368 and 8752?
16
What is the greatest common factor of 1438776 and 648?
216
Calculate the highest common divisor of 2550 and 3365.
5
Calculate the greatest common factor of 3346 and 56.
14
What is the greatest common divisor of 155892 and 66?
66
What is the highest common divisor of 12825 and 17280?
135
Calculate the highest common factor of 3584 and 156352.
448
What is the greatest common divisor of 2060 and 29149?
103
What is the highest common divisor of 346 and 1078?
2
What is the greatest common divisor of 1295723 and 1066?
533
Calculate the greatest common divisor of 11638 and 14.
2
Calculate the greatest common factor of 15688 and 35224.
296
What is the highest common divisor of 539902 and 242?
242
Calculate the greatest common factor of 255 and 8211.
51
What is the highest common factor of 25104 and 48?
48
What is the highest common divisor of 426 and 7718694?
426
Calculate the highest common factor of 11753688 and 2616.
2616
What is the greatest common factor of 6513 and 5177?
167
What is the highest common factor of 6311 and 19?
1
What is the highest common divisor of 9 and 15777?
9
Calculate the highest common divisor of 156 and 2912.
52
What is the greatest common factor of 132799 and 82?
41
Calculate the greatest common divisor of 1616 and 39390.
202
What is the greatest common factor of 36410 and 935?
55
Calculate the highest common factor of 16874 and 858.
286
What is the greatest common divisor of 183 and 4642161?
183
What is the greatest common factor of 8828 and 908?
4
Calculate the highest common divisor of 252994 and 1428.
238
What is the highest common divisor of 7217302 and 76?
38
Calculate the greatest common divisor of 54 and 364590.
18
Calculate the highest common divisor of 1435030 and 10.
10
What is the highest common divisor of 16495 and 15?
5
Calculate the greatest common divisor of 882 and 36750.
294
Calculate the greatest common factor of 2036184 and 888.
888
What is the greatest common divisor of 1023 and 2377111?
341
Calculate the greatest common factor of 460460 and 385.
385
Calculate the greatest common divisor of 31595 and 5325.
355
Calculate the greatest common divisor of 9339 and 75561.
849
What is the highest common divisor of 67076 and 82?
82
Calculate the greatest common factor of 88 and 3431472.
88
What is the highest common divisor of 42672 and 432?
48
Calculate the highest common divisor of 1316 and 35448.
28
Calculate the highest common factor of 550768 and 464.
464
What is the greatest common divisor of 35 and 23455?
5
Calculate the greatest common divisor of 256 and 3152.
16
What is the highest common factor of 54 and 2422?
2
Calculate the highest common divisor of 11530 and 130.
10
Calculate the highest common factor of 6380 and 61160.
220
What is the greatest common divisor of 5070 and 546?
78
What is the highest common factor of 190 and 76390?
10
What is the highest common divisor of 8364 and 2706?
246
What is the highest common factor of 5174 and 1026442?
398
What is the highest common divisor of 62331 and 5214?
237
Calculate the greatest common divisor of 1254 and 676170.
66
Calculate the highest common divisor of 71 and 1858567.
71
Calculate the highest common factor of 865 and 866903.
173
What is the greatest common divisor of 384 and 2000256?
384
What is the greatest common divisor of 36 and 112932?
36
What is the highest common factor of 4738 and 4094?
46
What is the greatest common factor of 105 and 32170?
5
Calculate the greatest common factor of 9737 and 104.
13
What is the highest common factor of 6100 and 31232?
244
What is the greatest common factor of 42361 and 495?
11
What is the greatest common factor of 6 and 1718355?
3
What is the highest common divisor of 327 and 5663967?
327
Calculate the highest common divisor of 870 and 1130275.
145
Calculate the highest common factor of 4116 and 26208.
84
Calculate the highest common factor of 6270 and 1518.
66
What is the highest common factor of 28216 and 10?
2
What is the greatest common factor of 675 and 2272275?
225
Calculate the greatest common divisor of 483263 and 44.
11
What is the greatest common factor of 5880 and 742?
14
Calculate the highest common factor of 233775 and 675.
225
What is the highest common factor of 1325 and 11975?
25
What is the highest common divisor of 281 and 72217?
281
Calculate the highest common factor of 227640 and 12.
12
Calculate the highest common divisor of 16 and 103856.
16
What is the highest common factor of 84070 and 105?
35
What is the highest common divisor of 20488 and 416?
104
Calculate the highest common divisor of 1180 and 6830.
10
What is the highest common factor of 32412 and 3552?
444
Calculate the highest common factor of 24603 and 1239.
177
Calculate the highest common factor of 5557587 and 93.
93
What is the greatest common factor of 31944 and 4776?
24
What is the highest common factor of 36198 and 90?
18
What is the greatest common divisor of 440 and 144760?
440
What is the highest common factor of 286 and 206206?
286
What is the greatest common divisor of 40959 and 1665?
333
What is the greatest common factor of 309010 and 130?
130
Calculate the highest common factor of 519 and 784209.
519
What is the highest common divisor of 954 and 2250?
18
Calculate the greatest common factor of 66232 and 15097.
487
What is the highest common divisor of 1274 and 2255617?
637
What is the highest common factor of 49005 and 5049?
297
What is the greatest common divisor of 6061 and 3553?
209
Calculate the highest common factor of 60 and 3920.
20
Calculate the highest common divisor of 1736 and 6048.
56
What is the greatest common factor of 75842 and 260?
26
Calculate the greatest common factor of 3198 and 3.
3
What is the highest common factor of 118620 and 220?
20
Calculate the greatest common factor of 9024 and 3392.
64
What is the highest common divisor of 4032 and 282816?
576
What is the highest common factor of 8550 and 30700?
50
What is the greatest common divisor of 84340 and 70?
10
Calculate the highest common divisor of 59968 and 832.
64
What is the greatest common factor of 310102 and 442?
26
Calculate the greatest common divisor of 213317 and 104.
13
What is the greatest common divisor of 1403 and 33695?
23
Calculate the greatest common factor of 717 and 354437.
239
What is the highest common factor of 16200 and 27?
27
Calculate the greatest common divisor of 6752 and 1024.
32
Calculate the highest common factor of 16688 and 6244.
28
What is the greatest common divisor of 9 and 9147?
3
Calculate the greatest common divisor of 2415699 and 1287.
1287
Calculate the greatest common factor of 213 and 215769.
213
What is the greatest common factor of 2710 and 4690?
10
What is the highest common factor of 3672 and 376?
8
Calculate the greatest common divisor of 5031 and 94653.
117
What is the highest common factor of 8387 and 1?
1
What is the greatest common divisor of 11086 and 2024?
46
Calculate the highest common factor of 193981 and 87.
29
Calculate the greatest common factor of 6 and 42456.
6
What is the highest common factor of 414 and 544644?
18
Calculate the highest common divisor of 85 and 6646456.
17
Calculate the greatest common divisor of 301200 and 1350.
150
Calculate the highest common factor of 77